{"id":2591,"date":"2022-01-31T18:27:32","date_gmt":"2022-01-31T17:27:32","guid":{"rendered":"https:\/\/www.mandelbaum.schule\/wordpress\/?page_id=2591"},"modified":"2025-11-23T09:21:12","modified_gmt":"2025-11-23T08:21:12","slug":"unsere-erreichten-etappenziele","status":"publish","type":"page","link":"https:\/\/www.mandelbaum.schule\/wordpress\/unsere-erreichten-etappenziele\/","title":{"rendered":"Unsere erreichten Etappenziele"},"content":{"rendered":"\t\t<div data-elementor-type=\"wp-page\" data-elementor-id=\"2591\" class=\"elementor elementor-2591\">\n\t\t\t\t\t\t<section class=\"elementor-section elementor-top-section elementor-element elementor-element-d5e2da1 elementor-section-boxed elementor-section-height-default elementor-section-height-default\" data-id=\"d5e2da1\" data-element_type=\"section\" data-e-type=\"section\">\n\t\t\t\t\t\t<div class=\"elementor-container elementor-column-gap-default\">\n\t\t\t\t\t<div class=\"elementor-column elementor-col-100 elementor-top-column elementor-element elementor-element-d3526c9\" data-id=\"d3526c9\" data-element_type=\"column\" data-e-type=\"column\">\n\t\t\t<div class=\"elementor-widget-wrap elementor-element-populated\">\n\t\t\t\t\t\t<div class=\"elementor-element elementor-element-f873abd elementor-widget elementor-widget-image\" data-id=\"f873abd\" data-element_type=\"widget\" data-e-type=\"widget\" data-widget_type=\"image.default\">\n\t\t\t\t<div class=\"elementor-widget-container\">\n\t\t\t\t\t\t\t\t\t\t\t\t\t\t\t<img fetchpriority=\"high\" decoding=\"async\" width=\"300\" height=\"169\" src=\"https:\/\/www.mandelbaum.schule\/wordpress\/wp-content\/uploads\/2024\/08\/IMG_20230902_161646-300x169.jpg\" class=\"attachment-medium size-medium wp-image-3774\" alt=\"\" srcset=\"https:\/\/www.mandelbaum.schule\/wordpress\/wp-content\/uploads\/2024\/08\/IMG_20230902_161646-300x169.jpg 300w, https:\/\/www.mandelbaum.schule\/wordpress\/wp-content\/uploads\/2024\/08\/IMG_20230902_161646-1024x576.jpg 1024w, https:\/\/www.mandelbaum.schule\/wordpress\/wp-content\/uploads\/2024\/08\/IMG_20230902_161646-768x432.jpg 768w, https:\/\/www.mandelbaum.schule\/wordpress\/wp-content\/uploads\/2024\/08\/IMG_20230902_161646-1536x864.jpg 1536w, https:\/\/www.mandelbaum.schule\/wordpress\/wp-content\/uploads\/2024\/08\/IMG_20230902_161646-2048x1152.jpg 2048w\" sizes=\"(max-width: 300px) 100vw, 300px\" \/>\t\t\t\t\t\t\t\t\t\t\t\t\t\t\t<\/div>\n\t\t\t\t<\/div>\n\t\t\t\t<div class=\"elementor-element elementor-element-098f401 elementor-widget elementor-widget-text-editor\" data-id=\"098f401\" data-element_type=\"widget\" data-e-type=\"widget\" data-widget_type=\"text-editor.default\">\n\t\t\t\t<div class=\"elementor-widget-container\">\n\t\t\t\t\t\t\t\t\t<div><span style=\"font-weight: 700;\">09\/2025&nbsp;<br><\/span>wir beginnen das neue Schuljahr mit deutlich reduzierter Sch\u00fclerzahl, es gibt eine kleine Anzahl neue Kinder.&nbsp;<br><span style=\"letter-spacing: 0.01em;\"><br><\/span><\/div><span style=\"font-weight: 700;\">06\/2025&nbsp;<br><\/span><p style=\"font-size: 25px; font-style: normal;\">Wir m\u00fcssen das Experiment mit Klasse 5\/6 leider bereits wieder beenden, da wir keine weiteren Fachlehrkr\u00e4fte f\u00fcr die weiterf\u00fchrenden Stufen gefunden haben. Wir begleiten den \u00dcbergang in umliegende Schulen.&nbsp;<\/p><p style=\"font-size: 25px; font-style: normal;\"><b>02\/2025&nbsp;<br><\/b><span style=\"font-weight: 400; letter-spacing: 0.01em;\">Lehrkr\u00e4fte wechseln, der Wunsch zu reisen oder auch andere berufliche Orientierung dreht das Personalkarussell.&nbsp;&nbsp;<\/span><\/p>\n<p style=\"font-size: 25px; font-style: normal;\"><span style=\"letter-spacing: 0.01em;\"><b>11\/2024:<br><\/b><\/span><span style=\"font-weight: 400; letter-spacing: 0.01em;\">Nun greift die staatliche F\u00f6rderung und wir sind dankbar, dass unser Freundeskreis uns kontinuierlich unterst\u00fctzt hat. Es werden aktuell 21 Kinder in Klassenstufe 1+2, 3+4 sowie in der 5. Jahrgangsstufe&nbsp;<\/span><span style=\"font-weight: var( --e-global-typography-text-font-weight ); color: var( --e-global-color-text ); font-family: var( --e-global-typography-text-font-family ), Sans-serif; letter-spacing: 0.01em;\">beschult<\/span><span style=\"font-weight: 400; color: var( --e-global-color-text ); font-family: var( --e-global-typography-text-font-family ), Sans-serif; letter-spacing: 0.01em;\">.<\/span><\/p>\n<p style=\"font-size: 25px; font-style: normal; font-weight: 400;\"><span style=\"font-weight: 600;\">08\/2024:<br><\/span>Neun Kinder sto\u00dfen zu uns um die Mandelbaumschule neu zu beleben, nachdem 7 Kinder auf weiterf\u00fchrende Schulen weitergezogen sind. Ebenso kommen erste Kinder der Stufe 5 zu uns.<span style=\"font-weight: 600;\"><br><\/span><\/p>\n<p style=\"font-size: 25px; font-style: normal; font-weight: 400;\"><span style=\"font-weight: 600;\">07\/2024:<br><\/span>Reparatur des Sturmschadens aus dem letzten Herbst an der Schulgartenh\u00fctte &#8211; mit tatkr\u00e4ftiger Hilfe von<span style=\"color: var( --e-global-color-text ); font-family: var( --e-global-typography-text-font-family ), Sans-serif; font-weight: var( --e-global-typography-text-font-weight ); letter-spacing: 0.01em;\">&nbsp;fachkundigen Eltern.<\/span><span style=\"font-weight: 600;\"><br><\/span><\/p>\n<p style=\"font-size: 25px; font-style: normal; font-weight: 400;\"><span style=\"font-weight: 600;\">06\/2024:<br><\/span>Die Erweiterung auf Stufe 5+6 ist genehmigt &#8211; Dank sei Gott daf\u00fcr &#8211;&nbsp; Integrierte Gesamtschule IGS. Neue qualifizierte Lehrkr\u00e4fte f\u00fcr die weiterf\u00fchrende Stufe sind engagiert.&nbsp;<\/p>\n<p style=\"font-size: 25px; font-style: normal; font-weight: 400;\"><span style=\"font-weight: 600;\">04\/2024:<br><\/span>Neue Kinder f\u00fcr das kommende Schuljahr melden sich an, bisher 5 interessierte Erstkl\u00e4ssler und zwei Quereinsteiger f\u00fcr 2 und 3.<\/p>\n<p style=\"font-size: 25px; font-style: normal; font-weight: 400;\"><span style=\"font-weight: 600;\">03\/2024:<br><\/span>Erweiterung auf Stufe 5+6 ist beantragt, wir haben Bewerbungen von interessierten Lehrkr\u00e4ften, die gerne bei uns diese Stufe unterrichten wollen. Wir hoffen und beten, dass das Schulamt den Erweiterungsantrag genehmigt.<\/p>\n<p style=\"font-size: 25px; font-style: normal; font-weight: 400;\"><span style=\"font-weight: 600;\">02\/2024:<br><\/span>Acht Kinder sind aktuell in Stufe 4, daher \u00fcberlegen wir, Stufe 5+6 zu beantragen, um diesen und folgenden Kindern auch die M\u00f6glichkeit zu bieten, weiterhin an der Mandelbaumschule zu bleiben.<\/p>\n<p style=\"font-size: 25px; font-style: normal; font-weight: 400;\"><span style=\"font-weight: 600;\">11\/2023:<br><\/span>Pflanzaktion im Schulgarten mit engagierten Eltern und Gro\u00dfeltern: Einen Mandelbaum, vier Apfelb\u00e4ume und einen Maulbeerbaum im Schulgarten gepflanzt<\/p>\n<p style=\"font-size: 25px; font-style: normal; font-weight: 400;\"><span style=\"font-weight: 600;\">09\/2023:<br><\/span>Wir nehmen mit motivierten Eltern und Kindern &#8211; als Mandelbaumschule &#8211; an der Ober-Ramst\u00e4dter Kerb teil<\/p>\n<p style=\"font-size: 25px; font-style: normal;\"><span style=\"font-weight: 600;\">08\/2023:<br><\/span>Neuer Schwung kommt mit der Aufnahme von 5 neuen Kindern in eine &#8222;Familienklasse&#8220;. Aktuell sind es 17 Kinder. Wir brauchen eine Erweiterung des Lehrk\u00f6rpers.<\/p>\n<p style=\"font-size: 25px; font-style: normal; font-weight: 400;\"><span style=\"font-weight: 600;\">05\/2023:<br><\/span>Aktive Gartengestaltung mit begeisterten Eltern: Installation von&nbsp; Komposttoilette und Handwaschbecken, zwei gro\u00dfen 1.000 l&nbsp; Wassertanks, zwei gro\u00dfen Sonnensegeln sowie weitere Ausstattung, z.B. gro\u00dfe Sitzkissen, etc.&nbsp;<span style=\"font-weight: 600;\"><br><\/span><\/p>\n<p style=\"font-size: 25px; font-style: normal; font-weight: 400;\"><strong>02\/2023<\/strong><br>Unterricht l\u00e4uft planm\u00e4\u00dfig, Buchhaltung wird neu strukturiert und Kosten werden so gering wie m\u00f6glich gehalten<\/p>\n<p style=\"font-size: 25px; font-style: normal; font-weight: 400;\"><span style=\"font-weight: 600;\">12\/2022:<br><\/span>Vorstandswechsel im Verein &lt;23<\/p>\n<p><strong>08\/2022:<br><\/strong>Trotz ausreichender Anmeldungen keine Lehrkraft f\u00fcr das neue Schuljahr gefunden &#8211; keine neue Jahrgangsklasse<strong><br><\/strong><\/p>\n<p><span style=\"font-weight: 600;\">03\/2022:<br><\/span>Vorstandswechsel im Verein&nbsp;<strong><br><\/strong><\/p>\n<p><strong>08\/2021<\/strong>:<br>Schulstart der Pionierklasse mit 15 Kindern<\/p>\n<p><strong>Fr\u00fchjahr\/Sommer 2021:<\/strong><br>&#8211; Schulr\u00e4ume eingerichtet und Au\u00dfengel\u00e4nde gestaltet<br>&#8211; weitere Grundschullehrkraft mit 2. Staatsexamen eingestellt und Sportlehrkraft gefunden <br>&#8211; Verwaltungsabl\u00e4ufe und Prozesse definiert<br>&#8211;&nbsp;Homepage Mandelbaum Grundschule gestaltet<br>&#8211; Schulanmeldungsgespr\u00e4che gef\u00fchrt, alle freien Schulpl\u00e4tze vergeben<br>&#8211; Kennenlerntag f\u00fcr die Kinder der Pionierklasse durchgef\u00fchrt<br>&#8211; EDV und Homeschoolingbereich ausgebaut<br>&#8211; Sch\u00f6nes schulnahes Au\u00dfengel\u00e4nde mit ca. 1.000m\u00b2 f\u00fcr das Outdoor-Klassenzimmer und als Naturerfahrungsraum gefunden <br>&#8211; Lehrgenehmigungen f\u00fcr die Lehrkr\u00e4fte erhalten<br>&#8211; Betriebserlaubnis erhalten<\/p>\n<p><strong>Winter 2020\/21:<\/strong><br>&#8211;&nbsp;F\u00f6rdergelder von Stiftungen bekommen, weitere Sponsoren gefunden<br>&#8211; Imagefilm \u201eAktion 100 x 100\u201c erstellt<br>&#8211; Spendenzusage \u201eZuschuss Lohnkosten\u201c von WERTESTARTER und<br>von der Firma Merck f\u00fcr die Schulm\u00f6bel bekommen<\/p>\n<p><strong>08\/2020:<\/strong><br>\u201cAktion 100\u00d7100\u201c: Finden von Sponsoren, die mit 100 \u20ac monatlich<br>in den ersten 3 Jahren unterst\u00fctzen.&nbsp;<br>&#8211; Erste Voranmeldungen f\u00fcr die Pionierklasse erhalten<br>&#8211; mehr als 20 ehrenamtliche Mitarbeiter in der Planungsphase, mehrere Lehrkr\u00e4fte<span style=\"color: var( --e-global-color-text ); font-family: var( --e-global-typography-text-font-family ), Sans-serif; font-style: inherit; font-weight: inherit; letter-spacing: 0.01em;\">&nbsp;unterst\u00fctzen uns bei der konzeptionellen Arbeit<br><\/span><span style=\"color: var( --e-global-color-text ); font-family: var( --e-global-typography-text-font-family ), Sans-serif; font-style: inherit; font-weight: inherit; letter-spacing: 0.01em;\">&#8211; zwei Lehrerinnen gefunden, die mit uns die Pionierklasse starten<\/span><\/p>\n<p><strong>07\/2020:<\/strong>&nbsp;Schulantrag beim Schulamt Frankfurt eingereicht, mit folgenden Unterlagen: Finanzplanung f\u00fcr 10 Jahre, schuleigene Fachcurricula, p\u00e4dagogisches Konzept, usw.<\/p>\n<p><strong>06\/2020<\/strong>: Mietvertrag f\u00fcr Schulr\u00e4ume in Ober-Ramstadt in der Falconstra\u00dfe 2 unterschrieben<\/p>\n<p><strong>05\/2020<\/strong>:&nbsp;<span style=\"color: var( --e-global-color-text ); font-family: var( --e-global-typography-text-font-family ), Sans-serif; font-weight: var( --e-global-typography-text-font-weight ); letter-spacing: 0.01em;\">P\u00e4dagogisches Konzept fertiggestellt &amp;&nbsp;<br><\/span><span style=\"font-style: inherit; font-weight: inherit; color: var( --e-global-color-text ); font-family: var( --e-global-typography-text-font-family ), Sans-serif; letter-spacing: 0.01em;\">Schulgr\u00fcnderseminar der VEBS Akademie in Kassel besucht<\/span><\/p>\n<p><strong style=\"font-style: inherit; color: var( --e-global-color-text ); font-family: var( --e-global-typography-text-font-family ), Sans-serif; letter-spacing: 0.01em;\">09\/2019<\/strong><span style=\"font-style: inherit; font-weight: inherit; color: var( --e-global-color-text ); font-family: var( --e-global-typography-text-font-family ), Sans-serif; letter-spacing: 0.01em;\">:&nbsp;<\/span><span style=\"font-style: inherit; font-weight: var( --e-global-typography-text-font-weight ); color: var( --e-global-color-text ); font-family: var( --e-global-typography-text-font-family ), Sans-serif; letter-spacing: 0.01em;\">Tr\u00e4gerverein \u201eWurzelwerke \u2013 Initiative f\u00fcr ganzheitliche P\u00e4dagogik e.V.\u201c gegr\u00fcndet &amp; die&nbsp;<\/span><span style=\"font-style: inherit; font-weight: inherit; color: var( --e-global-color-text ); font-family: var( --e-global-typography-text-font-family ), Sans-serif; letter-spacing: 0.01em;\">Gemeinn\u00fctzigkeit vom Finanzamt Darmstadt erhalten<\/span><\/p>\n<p><strong>2019<\/strong>: F\u00f6rderung durch die Wertestarter* f\u00fcr professionelle Beratungen Coaching durch SPARK Network in der Gr\u00fcndungsphase<\/p>\t\t\t\t\t\t\t\t<\/div>\n\t\t\t\t<\/div>\n\t\t\t\t\t<\/div>\n\t\t<\/div>\n\t\t\t\t\t<\/div>\n\t\t<\/section>\n\t\t\t\t<\/div>\n\t\t","protected":false},"excerpt":{"rendered":"<p>09\/2025&nbsp;wir beginnen das neue Schuljahr mit deutlich reduzierter Sch\u00fclerzahl, es gibt eine kleine Anzahl neue Kinder.&nbsp; 06\/2025&nbsp; Wir m\u00fcssen das Experiment mit Klasse 5\/6 leider bereits wieder beenden, da wir keine weiteren Fachlehrkr\u00e4fte f\u00fcr die weiterf\u00fchrenden Stufen gefunden haben. Wir begleiten den \u00dcbergang in umliegende Schulen.&nbsp; 02\/2025&nbsp;Lehrkr\u00e4fte wechseln, der Wunsch zu reisen oder auch andere [&hellip;]<\/p>\n","protected":false},"author":4,"featured_media":0,"parent":0,"menu_order":0,"comment_status":"closed","ping_status":"closed","template":"","meta":{"zakra_sidebar_layout":"customizer","zakra_remove_content_margin":false,"zakra_sidebar":"customizer","zakra_transparent_header":"customizer","zakra_logo":0,"zakra_main_header_style":"default","zakra_menu_item_color":"","zakra_menu_item_hover_color":"","zakra_menu_item_active_color":"","zakra_menu_active_style":"","zakra_page_header":true,"footnotes":""},"class_list":["post-2591","page","type-page","status-publish","hentry"],"yoast_head":"<!-- This site is optimized with the Yoast SEO plugin v27.5 - https:\/\/yoast.com\/product\/yoast-seo-wordpress\/ -->\n<title>Unsere erreichten Etappenziele - Initiative f\u00fcr ganzheitliche P\u00e4dagogik - Mandelbaum Grundschule<\/title>\n<meta name=\"robots\" content=\"index, follow, max-snippet:-1, max-image-preview:large, max-video-preview:-1\" \/>\n<link rel=\"canonical\" href=\"https:\/\/www.mandelbaum.schule\/wordpress\/unsere-erreichten-etappenziele\/\" \/>\n<meta property=\"og:locale\" content=\"de_DE\" \/>\n<meta property=\"og:type\" content=\"article\" \/>\n<meta property=\"og:title\" content=\"Unsere erreichten Etappenziele - Initiative f\u00fcr ganzheitliche P\u00e4dagogik - Mandelbaum Grundschule\" \/>\n<meta property=\"og:description\" content=\"09\/2025&nbsp;wir beginnen das neue Schuljahr mit deutlich reduzierter Sch\u00fclerzahl, es gibt eine kleine Anzahl neue Kinder.&nbsp; 06\/2025&nbsp; Wir m\u00fcssen das Experiment mit Klasse 5\/6 leider bereits wieder beenden, da wir keine weiteren Fachlehrkr\u00e4fte f\u00fcr die weiterf\u00fchrenden Stufen gefunden haben. Wir begleiten den \u00dcbergang in umliegende Schulen.&nbsp; 02\/2025&nbsp;Lehrkr\u00e4fte wechseln, der Wunsch zu reisen oder auch andere [&hellip;]\" \/>\n<meta property=\"og:url\" content=\"https:\/\/www.mandelbaum.schule\/wordpress\/unsere-erreichten-etappenziele\/\" \/>\n<meta property=\"og:site_name\" content=\"Initiative f\u00fcr ganzheitliche P\u00e4dagogik - Mandelbaum Grundschule\" \/>\n<meta property=\"article:modified_time\" content=\"2025-11-23T08:21:12+00:00\" \/>\n<meta property=\"og:image\" content=\"https:\/\/www.mandelbaum.schule\/wordpress\/wp-content\/uploads\/2024\/08\/IMG_20230902_161646-scaled.jpg\" \/>\n\t<meta property=\"og:image:width\" content=\"2560\" \/>\n\t<meta property=\"og:image:height\" content=\"1440\" \/>\n\t<meta property=\"og:image:type\" content=\"image\/jpeg\" \/>\n<meta name=\"twitter:card\" content=\"summary_large_image\" \/>\n<meta name=\"twitter:label1\" content=\"Gesch\u00e4tzte Lesezeit\" \/>\n\t<meta name=\"twitter:data1\" content=\"4\u00a0Minuten\" \/>\n<script type=\"application\/ld+json\" class=\"yoast-schema-graph\">{\"@context\":\"https:\\\/\\\/schema.org\",\"@graph\":[{\"@type\":\"WebPage\",\"@id\":\"https:\\\/\\\/www.mandelbaum.schule\\\/wordpress\\\/unsere-erreichten-etappenziele\\\/\",\"url\":\"https:\\\/\\\/www.mandelbaum.schule\\\/wordpress\\\/unsere-erreichten-etappenziele\\\/\",\"name\":\"Unsere erreichten Etappenziele - Initiative f\u00fcr ganzheitliche P\u00e4dagogik - Mandelbaum Grundschule\",\"isPartOf\":{\"@id\":\"https:\\\/\\\/www.mandelbaum.schule\\\/wordpress\\\/#website\"},\"primaryImageOfPage\":{\"@id\":\"https:\\\/\\\/www.mandelbaum.schule\\\/wordpress\\\/unsere-erreichten-etappenziele\\\/#primaryimage\"},\"image\":{\"@id\":\"https:\\\/\\\/www.mandelbaum.schule\\\/wordpress\\\/unsere-erreichten-etappenziele\\\/#primaryimage\"},\"thumbnailUrl\":\"https:\\\/\\\/www.mandelbaum.schule\\\/wordpress\\\/wp-content\\\/uploads\\\/2024\\\/08\\\/IMG_20230902_161646-300x169.jpg\",\"datePublished\":\"2022-01-31T17:27:32+00:00\",\"dateModified\":\"2025-11-23T08:21:12+00:00\",\"breadcrumb\":{\"@id\":\"https:\\\/\\\/www.mandelbaum.schule\\\/wordpress\\\/unsere-erreichten-etappenziele\\\/#breadcrumb\"},\"inLanguage\":\"de\",\"potentialAction\":[{\"@type\":\"ReadAction\",\"target\":[\"https:\\\/\\\/www.mandelbaum.schule\\\/wordpress\\\/unsere-erreichten-etappenziele\\\/\"]}]},{\"@type\":\"ImageObject\",\"inLanguage\":\"de\",\"@id\":\"https:\\\/\\\/www.mandelbaum.schule\\\/wordpress\\\/unsere-erreichten-etappenziele\\\/#primaryimage\",\"url\":\"https:\\\/\\\/www.mandelbaum.schule\\\/wordpress\\\/wp-content\\\/uploads\\\/2024\\\/08\\\/IMG_20230902_161646-scaled.jpg\",\"contentUrl\":\"https:\\\/\\\/www.mandelbaum.schule\\\/wordpress\\\/wp-content\\\/uploads\\\/2024\\\/08\\\/IMG_20230902_161646-scaled.jpg\",\"width\":2560,\"height\":1440},{\"@type\":\"BreadcrumbList\",\"@id\":\"https:\\\/\\\/www.mandelbaum.schule\\\/wordpress\\\/unsere-erreichten-etappenziele\\\/#breadcrumb\",\"itemListElement\":[{\"@type\":\"ListItem\",\"position\":1,\"name\":\"Startseite\",\"item\":\"https:\\\/\\\/www.mandelbaum.schule\\\/wordpress\\\/\"},{\"@type\":\"ListItem\",\"position\":2,\"name\":\"Unsere erreichten Etappenziele\"}]},{\"@type\":\"WebSite\",\"@id\":\"https:\\\/\\\/www.mandelbaum.schule\\\/wordpress\\\/#website\",\"url\":\"https:\\\/\\\/www.mandelbaum.schule\\\/wordpress\\\/\",\"name\":\"Initiative f\u00fcr ganzheitliche P\u00e4dagogik - Mandelbaum Grundschule\",\"description\":\"Schulgr\u00fcndung Darmstadt Dieburg\",\"publisher\":{\"@id\":\"https:\\\/\\\/www.mandelbaum.schule\\\/wordpress\\\/#organization\"},\"potentialAction\":[{\"@type\":\"SearchAction\",\"target\":{\"@type\":\"EntryPoint\",\"urlTemplate\":\"https:\\\/\\\/www.mandelbaum.schule\\\/wordpress\\\/?s={search_term_string}\"},\"query-input\":{\"@type\":\"PropertyValueSpecification\",\"valueRequired\":true,\"valueName\":\"search_term_string\"}}],\"inLanguage\":\"de\"},{\"@type\":\"Organization\",\"@id\":\"https:\\\/\\\/www.mandelbaum.schule\\\/wordpress\\\/#organization\",\"name\":\"Initiative f\u00fcr ganzheitliche P\u00e4dagogik - Mandelbaum Grundschule\",\"url\":\"https:\\\/\\\/www.mandelbaum.schule\\\/wordpress\\\/\",\"logo\":{\"@type\":\"ImageObject\",\"inLanguage\":\"de\",\"@id\":\"https:\\\/\\\/www.mandelbaum.schule\\\/wordpress\\\/#\\\/schema\\\/logo\\\/image\\\/\",\"url\":\"https:\\\/\\\/www.mandelbaum.schule\\\/wordpress\\\/wp-content\\\/uploads\\\/2020\\\/05\\\/cropped-Wurzlewerke-e.V-log_web_03.png\",\"contentUrl\":\"https:\\\/\\\/www.mandelbaum.schule\\\/wordpress\\\/wp-content\\\/uploads\\\/2020\\\/05\\\/cropped-Wurzlewerke-e.V-log_web_03.png\",\"width\":924,\"height\":246,\"caption\":\"Initiative f\u00fcr ganzheitliche P\u00e4dagogik - Mandelbaum Grundschule\"},\"image\":{\"@id\":\"https:\\\/\\\/www.mandelbaum.schule\\\/wordpress\\\/#\\\/schema\\\/logo\\\/image\\\/\"},\"sameAs\":[\"https:\\\/\\\/instagram.com\\\/mandelbaum.schule\"]}]}<\/script>\n<!-- \/ Yoast SEO plugin. -->","yoast_head_json":{"title":"Unsere erreichten Etappenziele - Initiative f\u00fcr ganzheitliche P\u00e4dagogik - Mandelbaum Grundschule","robots":{"index":"index","follow":"follow","max-snippet":"max-snippet:-1","max-image-preview":"max-image-preview:large","max-video-preview":"max-video-preview:-1"},"canonical":"https:\/\/www.mandelbaum.schule\/wordpress\/unsere-erreichten-etappenziele\/","og_locale":"de_DE","og_type":"article","og_title":"Unsere erreichten Etappenziele - Initiative f\u00fcr ganzheitliche P\u00e4dagogik - Mandelbaum Grundschule","og_description":"09\/2025&nbsp;wir beginnen das neue Schuljahr mit deutlich reduzierter Sch\u00fclerzahl, es gibt eine kleine Anzahl neue Kinder.&nbsp; 06\/2025&nbsp; Wir m\u00fcssen das Experiment mit Klasse 5\/6 leider bereits wieder beenden, da wir keine weiteren Fachlehrkr\u00e4fte f\u00fcr die weiterf\u00fchrenden Stufen gefunden haben. Wir begleiten den \u00dcbergang in umliegende Schulen.&nbsp; 02\/2025&nbsp;Lehrkr\u00e4fte wechseln, der Wunsch zu reisen oder auch andere [&hellip;]","og_url":"https:\/\/www.mandelbaum.schule\/wordpress\/unsere-erreichten-etappenziele\/","og_site_name":"Initiative f\u00fcr ganzheitliche P\u00e4dagogik - Mandelbaum Grundschule","article_modified_time":"2025-11-23T08:21:12+00:00","og_image":[{"width":2560,"height":1440,"url":"https:\/\/www.mandelbaum.schule\/wordpress\/wp-content\/uploads\/2024\/08\/IMG_20230902_161646-scaled.jpg","type":"image\/jpeg"}],"twitter_card":"summary_large_image","twitter_misc":{"Gesch\u00e4tzte Lesezeit":"4\u00a0Minuten"},"schema":{"@context":"https:\/\/schema.org","@graph":[{"@type":"WebPage","@id":"https:\/\/www.mandelbaum.schule\/wordpress\/unsere-erreichten-etappenziele\/","url":"https:\/\/www.mandelbaum.schule\/wordpress\/unsere-erreichten-etappenziele\/","name":"Unsere erreichten Etappenziele - Initiative f\u00fcr ganzheitliche P\u00e4dagogik - Mandelbaum Grundschule","isPartOf":{"@id":"https:\/\/www.mandelbaum.schule\/wordpress\/#website"},"primaryImageOfPage":{"@id":"https:\/\/www.mandelbaum.schule\/wordpress\/unsere-erreichten-etappenziele\/#primaryimage"},"image":{"@id":"https:\/\/www.mandelbaum.schule\/wordpress\/unsere-erreichten-etappenziele\/#primaryimage"},"thumbnailUrl":"https:\/\/www.mandelbaum.schule\/wordpress\/wp-content\/uploads\/2024\/08\/IMG_20230902_161646-300x169.jpg","datePublished":"2022-01-31T17:27:32+00:00","dateModified":"2025-11-23T08:21:12+00:00","breadcrumb":{"@id":"https:\/\/www.mandelbaum.schule\/wordpress\/unsere-erreichten-etappenziele\/#breadcrumb"},"inLanguage":"de","potentialAction":[{"@type":"ReadAction","target":["https:\/\/www.mandelbaum.schule\/wordpress\/unsere-erreichten-etappenziele\/"]}]},{"@type":"ImageObject","inLanguage":"de","@id":"https:\/\/www.mandelbaum.schule\/wordpress\/unsere-erreichten-etappenziele\/#primaryimage","url":"https:\/\/www.mandelbaum.schule\/wordpress\/wp-content\/uploads\/2024\/08\/IMG_20230902_161646-scaled.jpg","contentUrl":"https:\/\/www.mandelbaum.schule\/wordpress\/wp-content\/uploads\/2024\/08\/IMG_20230902_161646-scaled.jpg","width":2560,"height":1440},{"@type":"BreadcrumbList","@id":"https:\/\/www.mandelbaum.schule\/wordpress\/unsere-erreichten-etappenziele\/#breadcrumb","itemListElement":[{"@type":"ListItem","position":1,"name":"Startseite","item":"https:\/\/www.mandelbaum.schule\/wordpress\/"},{"@type":"ListItem","position":2,"name":"Unsere erreichten Etappenziele"}]},{"@type":"WebSite","@id":"https:\/\/www.mandelbaum.schule\/wordpress\/#website","url":"https:\/\/www.mandelbaum.schule\/wordpress\/","name":"Initiative f\u00fcr ganzheitliche P\u00e4dagogik - Mandelbaum Grundschule","description":"Schulgr\u00fcndung Darmstadt Dieburg","publisher":{"@id":"https:\/\/www.mandelbaum.schule\/wordpress\/#organization"},"potentialAction":[{"@type":"SearchAction","target":{"@type":"EntryPoint","urlTemplate":"https:\/\/www.mandelbaum.schule\/wordpress\/?s={search_term_string}"},"query-input":{"@type":"PropertyValueSpecification","valueRequired":true,"valueName":"search_term_string"}}],"inLanguage":"de"},{"@type":"Organization","@id":"https:\/\/www.mandelbaum.schule\/wordpress\/#organization","name":"Initiative f\u00fcr ganzheitliche P\u00e4dagogik - Mandelbaum Grundschule","url":"https:\/\/www.mandelbaum.schule\/wordpress\/","logo":{"@type":"ImageObject","inLanguage":"de","@id":"https:\/\/www.mandelbaum.schule\/wordpress\/#\/schema\/logo\/image\/","url":"https:\/\/www.mandelbaum.schule\/wordpress\/wp-content\/uploads\/2020\/05\/cropped-Wurzlewerke-e.V-log_web_03.png","contentUrl":"https:\/\/www.mandelbaum.schule\/wordpress\/wp-content\/uploads\/2020\/05\/cropped-Wurzlewerke-e.V-log_web_03.png","width":924,"height":246,"caption":"Initiative f\u00fcr ganzheitliche P\u00e4dagogik - Mandelbaum Grundschule"},"image":{"@id":"https:\/\/www.mandelbaum.schule\/wordpress\/#\/schema\/logo\/image\/"},"sameAs":["https:\/\/instagram.com\/mandelbaum.schule"]}]}},"_links":{"self":[{"href":"https:\/\/www.mandelbaum.schule\/wordpress\/wp-json\/wp\/v2\/pages\/2591","targetHints":{"allow":["GET"]}}],"collection":[{"href":"https:\/\/www.mandelbaum.schule\/wordpress\/wp-json\/wp\/v2\/pages"}],"about":[{"href":"https:\/\/www.mandelbaum.schule\/wordpress\/wp-json\/wp\/v2\/types\/page"}],"author":[{"embeddable":true,"href":"https:\/\/www.mandelbaum.schule\/wordpress\/wp-json\/wp\/v2\/users\/4"}],"replies":[{"embeddable":true,"href":"https:\/\/www.mandelbaum.schule\/wordpress\/wp-json\/wp\/v2\/comments?post=2591"}],"version-history":[{"count":69,"href":"https:\/\/www.mandelbaum.schule\/wordpress\/wp-json\/wp\/v2\/pages\/2591\/revisions"}],"predecessor-version":[{"id":3970,"href":"https:\/\/www.mandelbaum.schule\/wordpress\/wp-json\/wp\/v2\/pages\/2591\/revisions\/3970"}],"wp:attachment":[{"href":"https:\/\/www.mandelbaum.schule\/wordpress\/wp-json\/wp\/v2\/media?parent=2591"}],"curies":[{"name":"wp","href":"https:\/\/api.w.org\/{rel}","templated":true}]}}